. Suppose 3*h + 4*a = 81, -5*a + 20 = -p*h + 101. What are the prime factors of h?
3
Let r(h) = -10*h**3 + 2*h**2 - 2*h + 1. Let n = 3 + -2. Let w be r(n). List the prime factors of -2 + 3 - w*1.
2, 5
Let n = 10 - 6. Suppose n*k = 19 - 3. What are the prime factors of k?
2
Let b(n) = n**3 - n**2 + n + 2. Let l be b(2). Suppose -6*a = -2*a - l. What are the prime factors of a?
2
Let h(d) = -d**3 + 7*d**2 - 4*d + 6. List the prime factors of h(6).
2, 3
Suppose 5*r = f + 4*r - 62, -5*f - 3*r + 310 = 0. List the prime factors of f.
2, 31
Let y(t) = -3 - 4 - t + 3 - 5. Let x be y(-6). List the prime factors of ((-2)/x)/(2/42).
2, 7
Suppose -5 = -2*j + 1. Let d be (2/2)/(j/6). Suppose d*k = k + 11. What are the prime factors of k?
11
Suppose 5*g = -i + 5*i - 85, -2*i + 5*g + 45 = 0. What are the prime factors of i?
2, 5
Let a(u) = u**3 - 9*u**2 + 7*u + 11. Let k = -16 + 24. Let y be a(k). Suppose -y*i + 11*t = 6*t - 11, -4*i = 4*t - 36. What are the prime factors of i?
7
Let i be (-3)/((42/44)/(-7)). List the prime factors of (-4)/i + (-1110)/(-55).
2, 5
Let s = 116 - 83. What are the prime factors of s?
3, 11
Suppose 0*x = -4*g - 4*x - 32, -3*g - 21 = 2*x. Let c(s) = s**2 + 4*s + 1. Let d be c(g). Let w(m) = -m**2 + 8*m - 6. List the prime factors of w(d).
2, 3
Suppose 0 = -3*z - 3*q + 3, -2*z = -z - 2*q - 16. Suppose z*t - 45 = t. List the prime factors of t.
3
Suppose 5 = 5*n, -t - 7*n + 86 = -3*n. Let l = t + -52. Suppose -l = -s + 5*f, -3 = s + 4*f - 6. List the prime factors of s.
3, 5
Let o be 1/(-4) + (-51)/(-12). Let i(u) = u**3 - 3*u**2 - 3*u + 1. Let l be i(o). Let m = l - 0. What are the prime factors of m?
5
Let b = 0 + -2. Let j be (38/(-4))/(1/b). Suppose -3*c = 2*q + 5 - j, c = -5*q + 22. List the prime factors of c.
2
Let u(p) = p**3 - 3*p**2 + 2*p - 4. Let l be u(3). What are the prime factors of 148/6 - l/(-6)?
5
Let y(t) = -11*t**2 + t - 5. Let b(a) = -6*a**2 + a - 3. Let w(c) = 5*b(c) - 3*y(c). List the prime factors of w(-2).
2
Let g(q) be the first derivative of q**4/4 + 2*q**3 + 5*q**2/2 + 1. Let o be g(-5). Let l = o + 10. What are the prime factors of l?
2, 5
Suppose o = -2 + 6, -5*o + 119 = 3*k. Suppose -143 = -2*y - k. What are the prime factors of y?
5, 11
Suppose 2415 = 18*m - 681. What are the prime factors of m?
2, 43
Suppose -i - 4*i - 20 = 0. Let h(q) = -q**2 + 6*q + 14. Let s be h(6). List the prime factors of (-120)/(-28) + i/s.
2
Let n = 43 + 13. List the prime factors of n.
2, 7
Suppose 7*v = 2*v + 285. What are the prime factors of v?
3, 19
List the prime factors of 12/(-10)*(-4880)/24.
2, 61
Let f(j) = -70*j**2 - 5*j - 8. Let h(x) = -23*x**2 - 2*x - 3. Let z(c) = -3*f(c) + 8*h(c). List the prime factors of z(-1).
3
Suppose 3*g + 5*x + 81 = 0, -g - x = x + 26. Let v be (g/20)/((-4)/(-50)). Let m = v + 32. List the prime factors of m.
2, 3
Let i(z) = z - 1. Let x be i(5). Suppose -4 = x*v - 92. Let a = -9 + v. What are the prime factors of a?
13
Let r be ((-18)/(-4))/((-4)/(-8)). Suppose -2*v - r = -3*v. List the prime factors of v + 1 - (3 + -5).
2, 3
Let z(m) = m**3 + 9*m - 10. What are the prime factors of z(6)?
2, 5, 13
Let x(z) = -z - 1. Let k be x(-3). List the prime factors of 60/k*(-6)/(-12).
3, 5
Suppose -4*q - 37 = -9*q + 4*z, -23 = -4*q + z. Let l(i) = -i**3 + 5*i**2 + 5*i - 2. What are the prime factors of l(q)?
23
Suppose -2*y + 4*l + 504 = 0, 5*l = -2*y - 155 + 641. What are the prime factors of y?
2, 31
Let h = 17 - -40. List the prime factors of h.
3, 19
Let x(m) be the first derivative of -3*m**2 - 5*m - 4. List the prime factors of x(-4).
19
Let x(h) = -h - 3. Let g be x(9). Let y be (-130)/(-14) + g/42. What are the prime factors of (-4)/(-18) + 160/y?
2, 3
Let z be (6/9)/(1/3). Suppose -2 = z*h - 0*h. List the prime factors of -3 + 2 - -7 - h.
7
Suppose -2*t + 10 = 3*t. Suppose 2*q + 39 = s - t*s, 2*q + 5*s = -51. What are the prime factors of (4/6)/((-3)/q)?
2
Let v be (-1)/(-1) - (0 + 0). Let f be (v/(-2))/(1/(-12)). List the prime factors of (4/f)/((-2)/(-15)).
5
Let w = -3 + 3. Let z = w + 7. List the prime factors of z.
7
Suppose -s = 2*j + 41, -4*j + 2*j + s - 43 = 0. Let a = j + 35. List the prime factors of a.
2, 7
Let t(h) = -h**2 + 7*h + 1. Let b be t(10). Let v = b - -41. List the prime factors of v.
2, 3
Let k(o) = -o**2 + 7*o - 7. Let a be k(5). Suppose m + 4*b + 18 = 0, -31 = -a*m + 2*b + 3*b. List the prime factors of m.
2
Suppose 3*c + 28 = 7*c. What are the prime factors of c?
7
Suppose -2*p + p + 8 = 3*n, 3*p - 2*n = 35. Let u be (-3)/(p/4 - 2). List the prime factors of (5/(-2))/(1/u).
2, 5
Let d = 242 - 64. List the prime factors of d.
2, 89
Let y = 113 - 66. List the prime factors of y.
47
Suppose 5*t = 2*t + 159. List the prime factors of t.
53
Let u = -4 + -1. List the prime factors of 2/u + (-114)/(-10).
11
Let u = 131 - 87. Let i = 83 - u. List the prime factors of i.
3, 13
Suppose -i + 5*k = -31, -5*i - 7 + 184 = -3*k. What are the prime factors of i?
2, 3
Let q be 2 + -1 + (2 - 3). Suppose q = i - 3*i + 2*y + 76, 36 = i + y. Suppose 3*w + 0*j - i = -j, -4*w = 4*j - 60. What are the prime factors of w?
11
Suppose o = -3 + 2. What are the prime factors of (-10 + 3)*(o + 0)?
7
Let i(s) = s**3 + 7*s**2 + 5*s - 6. Suppose 0 = 2*y - 11 + 1. Suppose 2*h - 3 = -r, 5*r - 6 = y*h - 51. What are the prime factors of i(r)?
19
Let s(x) = x - 1. Let m(y) = -5*y - 6. Let p(z) = m(z) + 2*s(z). What are the prime factors of p(-7)?
13
Let z(s) = s**3 - 7*s**2 + 7*s - 6. Let a be z(6). List the prime factors of 1 - -2 - (1 + a).
2
Let j be (-1)/(-2) + (-189)/(-6). Suppose v + j = -3*v. List the prime factors of 4/v - 33/(-6).
5
Let i be 2 - -2*(-6)/(-4). Suppose -j - i*x + 17 = 0, 5*j - 3*x = x + 56. Let f = 25 - j. List the prime factors of f.
13
Let l(c) = 4*c - 2. Let s be l(6). Suppose -2*r + s = -0*r. Let v = r + -3. What are the prime factors of v?
2
Let a(r) = -20*r + 1. What are the prime factors of a(-6)?
11
What are the prime factors of (9/(-4))/(2/(1088/(-12)))?
2, 3, 17
Suppose -300 = -s + 4*w, s = 3*s - 3*w - 590. What are the prime factors of s?
2, 73
Let z = -177 + 345. What are the prime factors of z?
2, 3, 7
Let m(l) = -11*l**3 + 20*l**2 + 13*l - 18. Let i(q) = -1 + 0*q**3 - 4*q**3 + 7*q**2 + 4*q - 5. Let f(x) = -8*i(x) + 3*m(x). What are the prime factors of f(5)?
2
Let k be ((-30)/(-3))/((-4)/14). Let r = k - 103. List the prime factors of 1/3 + r/(-18).
2
Let g = -77 + 131. What are the prime factors of g?
2, 3
Suppose 2*y + 5 - 37 = 5*o, -4*o = 2*y + 40. Let r = o - -6. Let m = r + 4. What are the prime factors of m?
2
Let z(j) = j**2 + 8*j. Let u be z(-7). Let v = 20 + u. Suppose -2*x + 2*f - 14 = -5*x, v = 3*x + f. List the prime factors of x.
2
Let w(x) = -2*x + 1. Let c be w(5). Let m = 13 + c. Suppose y + 48 = m*o - 3*y, 0 = 3*o + 4*y - 57. What are the prime factors of o?
3, 5
Suppose -2*r - 2*o + 14 = 0, -2*r - 2*o = -3*r - 2. Suppose -d = r - 0. What are the prime factors of 19 - (-1 + (-1 - d))?
17
List the prime factors of -3 - (6/(-9))/(4/1446).
2, 7, 17
Let g be 5 - (18/3)/3. Suppose 9 = 3*m - g*r, m - 5*r - 1 + 6 = 0. Suppose 0 = 2*s - m*s + 15. What are the prime factors of s?
5
Let z = -4 - -7. Suppose -z*b - 5 = -11. What are the prime factors of b?
2
Let f be -5*1*(-8 - -9). What are the prime factors of f*(-3)/(9/15)?
5
Suppose 0 = 2*o - 6 - 8. List the prime factors of o.
7
Suppose -2*b + 1 = -3*o, 4*b - 2*b - 9 = -5*o. Suppose -3 - 3 = -b*c. What are the prime factors of ((-3)/6)/(c/(-54))?
3
Suppose 3*a = 7*a - 256. What are the prime factors of a?
2
Let r(w) = w + 9. Let v be r(-4). Suppose -q - l = -4*q - 5, -4*q = -v*l + 14. Let z = 6 + q. What are the prime factors of z?
5
Suppose 0*r = -r + 20. List the prime factors of r.
2, 5
Let a = -1 - -5. Suppose -4*x = a*n - 56, 5*x - 45 - 19 = -3*n. List the prime factors of x.
11
Let o be ((-2)/6)/((-5)/60). Let u(d) = 0*d - 4*d**2 - d**3 + 2*d**3 + 2*d + 3. List the prime factors of u(o).
11
Let x(u) = 3*u**2 - 6*u - 5. What are the prime factors of x(6)?
67
Let u(l) be the first derivative of l**2/2 - 10*l + 3. What are the prime factors of u(14)?
2
List the prime factors of 3 - (-1 - -1) - -3.
2, 3
Let t = 20 - -2. List the prime factors of t.
2, 11
Let i be (-7)/(-4) + (-1)/(-4). Suppose